greatest common divisor of 342 and 15317154.
342
What is the highest common divisor of 209551092 and 30?
6
Calculate the greatest common factor of 701631 and 1247.
43
Calculate the greatest common divisor of 564084 and 12625732.
6964
What is the greatest common factor of 19656576 and 2718?
2718
Calculate the highest common divisor of 75604 and 430574.
922
What is the highest common divisor of 376 and 898952?
8
What is the highest common divisor of 238628328 and 688?
344
What is the greatest common divisor of 222 and 16869?
3
What is the greatest common factor of 360 and 2973195?
45
What is the highest common factor of 60 and 4396250?
10
What is the highest common divisor of 12132812 and 4098?
1366
Calculate the greatest common divisor of 118632 and 16440.
24
Calculate the greatest common divisor of 44394 and 29970480.
906
What is the greatest common factor of 19330490 and 20?
10
What is the highest common divisor of 45927 and 1253?
7
What is the highest common factor of 257895 and 59301?
99
What is the highest common factor of 3454420105 and 4765?
4765
What is the highest common divisor of 2736 and 223269?
57
What is the greatest common divisor of 64253 and 2345?
469
Calculate the greatest common divisor of 222941599 and 2231.
2231
Calculate the greatest common divisor of 13842 and 6143.
1
Calculate the greatest common factor of 6759 and 197803637.
751
What is the highest common factor of 90 and 818619678?
18
Calculate the highest common factor of 986 and 26756334.
34
Calculate the greatest common factor of 274099 and 2373.
7
Calculate the greatest common factor of 8167611 and 3297.
471
Calculate the highest common divisor of 5329069 and 1653.
29
What is the highest common factor of 31647 and 1057518?
231
Calculate the greatest common divisor of 880 and 384940.
20
Calculate the highest common factor of 580102 and 17266.
178
What is the greatest common factor of 7181222 and 4?
2
Calculate the greatest common factor of 1360 and 255520.
80
Calculate the highest common factor of 12508 and 4804.
4
What is the highest common factor of 62504 and 33077838?
1202
What is the highest common factor of 50854725 and 279?
279
Calculate the highest common factor of 2166 and 386859.
57
What is the greatest common factor of 3807563 and 36419?
79
Calculate the highest common factor of 2547364352 and 988.
988
What is the greatest common divisor of 327141050 and 2109?
703
What is the highest common divisor of 230 and 117031613?
23
What is the greatest common divisor of 23492267 and 71?
71
What is the greatest common factor of 49268 and 103114?
218
Calculate the highest common divisor of 5712 and 1898288.
1904
Calculate the greatest common factor of 8858 and 2605198.
86
Calculate the highest common factor of 206502 and 98102.
542
What is the highest common factor of 955 and 50891950?
955
Calculate the greatest common factor of 2428296 and 1900600.
4472
Calculate the greatest common divisor of 89262 and 27054.
162
What is the greatest common divisor of 4054792 and 441091?
427
Calculate the highest common factor of 632606 and 175566.
58
What is the greatest common divisor of 1239 and 282891?
21
Calculate the highest common divisor of 5518868 and 341.
31
What is the highest common divisor of 532 and 9633266?
38
What is the greatest common divisor of 98114248 and 16?
8
What is the highest common factor of 227 and 18156595?
227
What is the greatest common factor of 2192 and 96752?
16
What is the highest common divisor of 87872 and 421511?
1373
Calculate the highest common factor of 148671260 and 6640.
1660
What is the greatest common factor of 47159165 and 5?
5
What is the greatest common factor of 2041935 and 2345?
35
Calculate the greatest common factor of 66968 and 40216.
88
What is the highest common divisor of 216 and 26802936?
72
Calculate the greatest common factor of 1418008942 and 7252.
3626
What is the greatest common divisor of 113760 and 1317088?
2528
Calculate the greatest common divisor of 451 and 38227211.
451
What is the highest common divisor of 3510 and 136150430?
130
Calculate the greatest common divisor of 78876919 and 46123.
6589
What is the highest common factor of 98877568 and 1328?
1328
What is the greatest common divisor of 1370600 and 28776?
88
Calculate the greatest common divisor of 1804022 and 8514.
946
Calculate the greatest common factor of 548277 and 47987.
1021
What is the greatest common divisor of 924 and 170947?
7
Calculate the greatest common divisor of 154512 and 1358928.
144
Calculate the highest common divisor of 225 and 2146392.
9
What is the highest common factor of 3001815 and 615?
615
Calculate the highest common factor of 4826795 and 40115.
565
What is the greatest common divisor of 30711 and 935097?
1059
What is the highest common factor of 2893634 and 938626?
5554
Calculate the greatest common factor of 1019 and 629075.
1
What is the greatest common factor of 133094784 and 1728?
192
Calculate the highest common factor of 77142220 and 2780.
2780
Calculate the highest common divisor of 7245 and 132995660.
805
Calculate the highest common divisor of 190702 and 1275934.
1966
Calculate the highest common factor of 211461 and 374.
1
What is the highest common divisor of 3615 and 192123995?
1205
What is the highest common factor of 34779408 and 888?
888
What is the highest common factor of 1775 and 23215?
5
What is the highest common factor of 2027579 and 5002?
61
What is the greatest common factor of 2346 and 44245353?
69
What is the greatest common divisor of 52851 and 1720383?
237
What is the highest common divisor of 72189482 and 16?
2
Calculate the highest common divisor of 4746 and 472038.
42
What is the greatest common divisor of 524 and 46973063?
131
Calculate the greatest common factor of 10 and 87746660.
10
What is the highest common divisor of 60795596 and 781?
71
What is the highest common factor of 54534568 and 264?
88
What is the greatest common factor of 6 and 47903718?
6
Calculate the highest common divisor of 7832456 and 611.
47
What is the highest common divisor of 140038537 and 17?
17
Calculate the highest common divisor of 372 and 55567407.
93
What is the greatest common divisor of 31671 and 4777?
17
Calculate the greatest common divisor of 154 and 796906.
22
What is the highest common factor of 10740 and 174855?
15
What is the greatest common factor of 22 and 912624427?
11
Calculate the greatest common factor of 608307 and 1386.
21
Calculate the highest common divisor of 1377 and 2405619.
1377
Calculate the highest common factor of 4161113 and 132.
11
What is the greatest common divisor of 12311 and 556543?
13
Calculate the greatest common divisor of 1169 and 73997.
7
What is the greatest common divisor of 6575424 and 828?
276
Calculate the highest common factor of 4293349 and 206.
103
What is the highest common factor of 104421420 and 648?
108
Calculate the greatest common factor of 2872479 and 371133.
411
What is the greatest common divisor of 3124782 and 324?
18
Calculate the highest common factor of 105900943 and 51092.
12773
Calculate the highest common divisor of 245 and 2310889.
49
Calculate the greatest common divisor of 9 and 6127911.
9
Calculate the greatest common divisor of 8452833 and 58.
29
Calculate the greatest common factor of 185062062 and 6.
6
What is the highest common divisor of 702 and 95470362?
234
Calculate the greatest common divisor of 873991 and 1.
1
Calculate the greatest common divisor of 39299 and 19370.
13
What is the highest common factor of 505395 and 78705?
495
What is the greatest common divisor of 913217647 and 10588?
2647
What is the greatest common divisor of 4146045 and 37785?
3435
What is the highest common divisor of 2490949 and 553?
79
Calculate the highest common factor of 7371 and 6089499.
1053
What is the highest common factor of 990 and 24571305?
495
What is the highest common divisor of 101 and 102431?
1
What is the highest common factor of 12492 and 44385811?
347
Calculate the greatest common divisor of 2127344 and 208.
16
Calculate the greatest common divisor of 278 and 9776926.
2
What is the highest common divisor of 24 and 67094064?
24
What is the greatest common factor of 450 and 1897750?
50
Calculate the highest common divisor of 82751 and 1447354.
83
W